{"id":31,"date":"2026-09-03T16:34:23","date_gmt":"2026-09-03T16:34:23","guid":{"rendered":"https:\/\/fundacionendurance.com\/?page_id=31"},"modified":"2026-09-03T16:37:00","modified_gmt":"2026-09-03T16:37:00","slug":"inicio","status":"publish","type":"page","link":"https:\/\/fundacionendurance.com\/?page_id=31","title":{"rendered":"Inicio"},"content":{"rendered":"\t\t<div data-elementor-type=\"wp-page\" data-elementor-id=\"31\" class=\"elementor elementor-31\">\n\t\t\t\t<div class=\"elementor-element elementor-element-511f54de e-con-full e-flex e-con e-parent\" data-id=\"511f54de\" data-element_type=\"container\" data-e-type=\"container\">\n\t\t\t\t<div class=\"elementor-element elementor-element-6f7b5e01 elementor-widget elementor-widget-text-editor\" data-id=\"6f7b5e01\" data-element_type=\"widget\" data-e-type=\"widget\" data-widget_type=\"text-editor.default\">\n\t\t\t\t\t\t\t\t\t\n<p class=\"wp-block-paragraph\">Fundaci\u00f3n Endurance<\/p>\n\n\n\n<p class=\"wp-block-paragraph\"><img decoding=\"async\" src=\"blob:https:\/\/fundacionendurance.com\/abc1b37b-3d79-4266-8fd3-ebeab09631c5\" alt=\"Fundaci\u00f3n Endurance\">FUNDACI\u00d3N ENDURANCE<\/p>\n\n\n\n<ul class=\"wp-block-list\">\n<li><a href=\"#origen\">El Origen<\/a><\/li>\n\n\n\n<li><a href=\"#difusiones\">Difusiones Art\u00edsticas<\/a><\/li>\n\n\n\n<li><a href=\"#contacto\">Contacto<\/a><\/li>\n<\/ul>\n\n\n\n<figure class=\"wp-block-image size-full\"><img fetchpriority=\"high\" decoding=\"async\" width=\"671\" height=\"671\" src=\"https:\/\/fundacionendurance.com\/wp-content\/uploads\/2026\/09\/image-1.jpeg\" alt=\"\" class=\"wp-image-33\" srcset=\"https:\/\/fundacionendurance.com\/wp-content\/uploads\/2026\/09\/image-1.jpeg 671w, https:\/\/fundacionendurance.com\/wp-content\/uploads\/2026\/09\/image-1-150x150.jpeg 150w, https:\/\/fundacionendurance.com\/wp-content\/uploads\/2026\/09\/image-1-300x300.jpeg 300w\" sizes=\"(max-width: 671px) 100vw, 671px\" \/><\/figure>\n\n\n\n<h1 class=\"wp-block-heading\">El Origen de Endurance<\/h1>\n\n\n\n<p class=\"wp-block-paragraph\">Los ni\u00f1os son curiosos.<\/p>\n\n\n\n<p class=\"wp-block-paragraph\">Quieren saber. Preguntan.<\/p>\n\n\n\n<p class=\"wp-block-paragraph\">\u00bfPor qu\u00e9?<\/p>\n\n\n\n<p class=\"wp-block-paragraph\">M\u00e1s tarde, ya adultos, algunos,<\/p>\n\n\n\n<p class=\"wp-block-paragraph\">todav\u00eda siguen preguntando.<\/p>\n\n\n\n<p class=\"wp-block-paragraph\">\u00bfPor qu\u00e9?<\/p>\n\n\n\n<h2 class=\"wp-block-heading\">Difusiones art\u00edsticas<\/h2>\n\n\n\n<p class=\"wp-block-paragraph\">Un recorrido por las exposiciones y proyectos que impulsa la fundaci\u00f3n.<\/p>\n\n\n\n<p class=\"wp-block-paragraph\"><a href=\"#masereel\">Frans Masereel<\/a><a href=\"#arantzazu\">Santuario Arantzazu<\/a><a href=\"#seberg-gary\">Jean Seberg \u2013 Romain Gary<\/a><a href=\"#lo-recuerdo\">Lo recuerdo \u2013 Hotel Wellington<\/a><a href=\"#dagerman\">Stig Dagerman<\/a><a href=\"#taro\">Gerda Taro<\/a><\/p>\n\n\n\n<figure class=\"wp-block-image size-full\"><img decoding=\"async\" width=\"600\" height=\"600\" src=\"https:\/\/fundacionendurance.com\/wp-content\/uploads\/2026\/09\/image.jpeg\" alt=\"\" class=\"wp-image-32\" srcset=\"https:\/\/fundacionendurance.com\/wp-content\/uploads\/2026\/09\/image.jpeg 600w, https:\/\/fundacionendurance.com\/wp-content\/uploads\/2026\/09\/image-150x150.jpeg 150w, https:\/\/fundacionendurance.com\/wp-content\/uploads\/2026\/09\/image-300x300.jpeg 300w\" sizes=\"(max-width: 600px) 100vw, 600px\" \/><\/figure>\n\n\n\n<p class=\"wp-block-paragraph\">Difusi\u00f3n art\u00edstica<\/p>\n\n\n\n<h3 class=\"wp-block-heading\">Frans Masereel<\/h3>\n\n\n\n<h4 class=\"wp-block-heading\">Grabado y narrativa visual<\/h4>\n\n\n\n<figure class=\"wp-block-image size-large\"><img decoding=\"async\" width=\"949\" height=\"1024\" src=\"https:\/\/fundacionendurance.com\/wp-content\/uploads\/2026\/09\/image-4-949x1024.jpeg\" alt=\"\" class=\"wp-image-36\" srcset=\"https:\/\/fundacionendurance.com\/wp-content\/uploads\/2026\/09\/image-4-949x1024.jpeg 949w, https:\/\/fundacionendurance.com\/wp-content\/uploads\/2026\/09\/image-4-278x300.jpeg 278w, https:\/\/fundacionendurance.com\/wp-content\/uploads\/2026\/09\/image-4-767x828.jpeg 767w, https:\/\/fundacionendurance.com\/wp-content\/uploads\/2026\/09\/image-4.jpeg 1400w\" sizes=\"(max-width: 949px) 100vw, 949px\" \/><\/figure>\n\n\n\n<p class=\"wp-block-paragraph\">Difusi\u00f3n art\u00edstica<\/p>\n\n\n\n<h3 class=\"wp-block-heading\">Santuario Arantzazu<\/h3>\n\n\n\n<h4 class=\"wp-block-heading\">Arte sacro y arquitectura<\/h4>\n\n\n\n<figure class=\"wp-block-image size-full\"><img loading=\"lazy\" decoding=\"async\" width=\"668\" height=\"1002\" src=\"https:\/\/fundacionendurance.com\/wp-content\/uploads\/2026\/09\/image-2.jpeg\" alt=\"\" class=\"wp-image-34\" srcset=\"https:\/\/fundacionendurance.com\/wp-content\/uploads\/2026\/09\/image-2.jpeg 668w, https:\/\/fundacionendurance.com\/wp-content\/uploads\/2026\/09\/image-2-200x300.jpeg 200w\" sizes=\"(max-width: 668px) 100vw, 668px\" \/><\/figure>\n\n\n\n<p class=\"wp-block-paragraph\">Difusi\u00f3n art\u00edstica<\/p>\n\n\n\n<h3 class=\"wp-block-heading\">Jean Seberg \u2014 Romain Gary<\/h3>\n\n\n\n<h4 class=\"wp-block-heading\">Cine y literatura<\/h4>\n\n\n\n<figure class=\"wp-block-image size-large\"><img loading=\"lazy\" decoding=\"async\" width=\"1024\" height=\"704\" src=\"https:\/\/fundacionendurance.com\/wp-content\/uploads\/2026\/09\/image-3-1024x704.jpeg\" alt=\"\" class=\"wp-image-35\" srcset=\"https:\/\/fundacionendurance.com\/wp-content\/uploads\/2026\/09\/image-3-1024x704.jpeg 1024w, https:\/\/fundacionendurance.com\/wp-content\/uploads\/2026\/09\/image-3-300x206.jpeg 300w, https:\/\/fundacionendurance.com\/wp-content\/uploads\/2026\/09\/image-3-767x528.jpeg 767w, https:\/\/fundacionendurance.com\/wp-content\/uploads\/2026\/09\/image-3.jpeg 1205w\" sizes=\"(max-width: 1024px) 100vw, 1024px\" \/><\/figure>\n\n\n\n<p class=\"wp-block-paragraph\">Difusi\u00f3n art\u00edstica<\/p>\n\n\n\n<h3 class=\"wp-block-heading\">Lo recuerdo<\/h3>\n\n\n\n<h4 class=\"wp-block-heading\">Hotel Wellington<\/h4>\n\n\n\n<figure class=\"wp-block-image size-full\"><img loading=\"lazy\" decoding=\"async\" width=\"474\" height=\"359\" src=\"https:\/\/fundacionendurance.com\/wp-content\/uploads\/2026\/09\/image-5.jpeg\" alt=\"\" class=\"wp-image-37\" srcset=\"https:\/\/fundacionendurance.com\/wp-content\/uploads\/2026\/09\/image-5.jpeg 474w, https:\/\/fundacionendurance.com\/wp-content\/uploads\/2026\/09\/image-5-300x227.jpeg 300w\" sizes=\"(max-width: 474px) 100vw, 474px\" \/><\/figure>\n\n\n\n<figure class=\"wp-block-image size-full\"><img loading=\"lazy\" decoding=\"async\" width=\"480\" height=\"360\" src=\"https:\/\/fundacionendurance.com\/wp-content\/uploads\/2026\/09\/image-6.jpeg\" alt=\"\" class=\"wp-image-38\" srcset=\"https:\/\/fundacionendurance.com\/wp-content\/uploads\/2026\/09\/image-6.jpeg 480w, https:\/\/fundacionendurance.com\/wp-content\/uploads\/2026\/09\/image-6-300x225.jpeg 300w\" sizes=\"(max-width: 480px) 100vw, 480px\" \/><\/figure>\n\n\n\n<p class=\"wp-block-paragraph\">Difusi\u00f3n art\u00edstica<\/p>\n\n\n\n<h3 class=\"wp-block-heading\">Matar a un ni\u00f1o<\/h3>\n\n\n\n<h4 class=\"wp-block-heading\">Stig Dagerman<\/h4>\n\n\n\n<figure class=\"wp-block-image size-large\"><img loading=\"lazy\" decoding=\"async\" width=\"1024\" height=\"690\" src=\"https:\/\/fundacionendurance.com\/wp-content\/uploads\/2026\/09\/image-8-1024x690.jpeg\" alt=\"\" class=\"wp-image-40\" srcset=\"https:\/\/fundacionendurance.com\/wp-content\/uploads\/2026\/09\/image-8-1024x690.jpeg 1024w, https:\/\/fundacionendurance.com\/wp-content\/uploads\/2026\/09\/image-8-300x202.jpeg 300w, https:\/\/fundacionendurance.com\/wp-content\/uploads\/2026\/09\/image-8-767x517.jpeg 767w, https:\/\/fundacionendurance.com\/wp-content\/uploads\/2026\/09\/image-8.jpeg 1400w\" sizes=\"(max-width: 1024px) 100vw, 1024px\" \/><\/figure>\n\n\n\n<p class=\"wp-block-paragraph\">Difusi\u00f3n art\u00edstica<\/p>\n\n\n\n<h3 class=\"wp-block-heading\">Gerda Taro<\/h3>\n\n\n\n<h4 class=\"wp-block-heading\">Fotoperiodista de guerra \u2014 Pintura<\/h4>\n\n\n\n<figure class=\"wp-block-image size-full\"><img loading=\"lazy\" decoding=\"async\" width=\"605\" height=\"454\" src=\"https:\/\/fundacionendurance.com\/wp-content\/uploads\/2026\/09\/image-7.jpeg\" alt=\"\" class=\"wp-image-39\" srcset=\"https:\/\/fundacionendurance.com\/wp-content\/uploads\/2026\/09\/image-7.jpeg 605w, https:\/\/fundacionendurance.com\/wp-content\/uploads\/2026\/09\/image-7-300x225.jpeg 300w\" sizes=\"(max-width: 605px) 100vw, 605px\" \/><\/figure>\n\n\n\n<p class=\"wp-block-paragraph\">Difusi\u00f3n art\u00edstica<\/p>\n\n\n\n<h3 class=\"wp-block-heading\">Gerda Taro<\/h3>\n\n\n\n<h4 class=\"wp-block-heading\">Fotoperiodista de guerra \u2014 Film<\/h4>\n\n\n\n<p class=\"wp-block-paragraph\"><img decoding=\"async\" src=\"blob:https:\/\/fundacionendurance.com\/8530e4b1-1f42-4a4f-92f0-6ea62e6a29c2\" alt=\"Fundaci\u00f3n Endurance\">FUNDACI\u00d3N ENDURANCE<\/p>\n\n\n\n<p class=\"wp-block-paragraph\">Difusi\u00f3n art\u00edstica y cultural.<\/p>\n\n\n\n<h3 class=\"wp-block-heading\">Barcelona<\/h3>\n\n\n\n<p class=\"wp-block-paragraph\">C\/ Mallorca 299 &#8211; Principal 1<br>08037 Barcelona<\/p>\n\n\n\n<p class=\"wp-block-paragraph\">T\/ 93 459 00 452<\/p>\n\n\n\n<h3 class=\"wp-block-heading\">Madrid<\/h3>\n\n\n\n<p class=\"wp-block-paragraph\">C\/ Vel\u00e1zquez 10 \u2013 1\u00ba<br>28001 Madrid<\/p>\n\n\n\n<p class=\"wp-block-paragraph\">T\/ 91 781 70 67<\/p>\n\n\n\n<h3 class=\"wp-block-heading\">Newsletter<\/h3>\n\n\n\n<p class=\"wp-block-paragraph\"><a href=\"mailto:info@fundacionendurance.com\">info@fundacionendurance.com<\/a><\/p>\n\n\n\n<p class=\"wp-block-paragraph\"><a href=\"http:\/\/www.fundacionendurance.com\">www.fundacionendurance.com<\/a> Suscribir<\/p>\n\n\n\n<p class=\"wp-block-paragraph\">\u00a9 2026 Fundaci\u00f3n Endurance. Todos los derechos reservados.<\/p>\n\n\n\n<p class=\"wp-block-paragraph\"><\/p>\n\t\t\t\t\t\t\t\t<\/div>\n\t\t\t\t<\/div>\n\t\t\t\t<\/div>\n\t\t","protected":false},"excerpt":{"rendered":"<p>Fundaci\u00f3n Endurance FUNDACI\u00d3N ENDURANCE El Origen de Endurance Los ni\u00f1os son curiosos. Quieren saber. Preguntan. \u00bfPor qu\u00e9? M\u00e1s tarde, ya adultos, algunos, todav\u00eda siguen preguntando. \u00bfPor qu\u00e9? Difusiones art\u00edsticas Un recorrido por las exposiciones y proyectos que impulsa la fundaci\u00f3n. Frans MasereelSantuario ArantzazuJean Seberg \u2013 Romain GaryLo recuerdo \u2013 Hotel WellingtonStig DagermanGerda Taro Difusi\u00f3n art\u00edstica [&hellip;]<\/p>\n","protected":false},"author":1,"featured_media":0,"parent":0,"menu_order":0,"comment_status":"closed","ping_status":"closed","template":"","meta":{"footnotes":""},"class_list":["post-31","page","type-page","status-publish","hentry"],"_links":{"self":[{"href":"https:\/\/fundacionendurance.com\/index.php?rest_route=\/wp\/v2\/pages\/31","targetHints":{"allow":["GET"]}}],"collection":[{"href":"https:\/\/fundacionendurance.com\/index.php?rest_route=\/wp\/v2\/pages"}],"about":[{"href":"https:\/\/fundacionendurance.com\/index.php?rest_route=\/wp\/v2\/types\/page"}],"author":[{"embeddable":true,"href":"https:\/\/fundacionendurance.com\/index.php?rest_route=\/wp\/v2\/users\/1"}],"replies":[{"embeddable":true,"href":"https:\/\/fundacionendurance.com\/index.php?rest_route=%2Fwp%2Fv2%2Fcomments&post=31"}],"version-history":[{"count":4,"href":"https:\/\/fundacionendurance.com\/index.php?rest_route=\/wp\/v2\/pages\/31\/revisions"}],"predecessor-version":[{"id":44,"href":"https:\/\/fundacionendurance.com\/index.php?rest_route=\/wp\/v2\/pages\/31\/revisions\/44"}],"wp:attachment":[{"href":"https:\/\/fundacionendurance.com\/index.php?rest_route=%2Fwp%2Fv2%2Fmedia&parent=31"}],"curies":[{"name":"wp","href":"https:\/\/api.w.org\/{rel}","templated":true}]}}

<div data-elementor-type="wp-page" data-elementor-id="31" class="elementor elementor-31">
				<div class="elementor-element elementor-element-511f54de e-con-full e-flex e-con e-parent" data-id="511f54de" data-element_type="container" data-e-type="container">
				<div class="elementor-element elementor-element-6f7b5e01 elementor-widget elementor-widget-text-editor" data-id="6f7b5e01" data-element_type="widget" data-e-type="widget" data-widget_type="text-editor.default">
									
<p class="wp-block-paragraph">Fundación Endurance</p>



<p class="wp-block-paragraph"><img decoding="async" src="blob:https://fundacionendurance.com/abc1b37b-3d79-4266-8fd3-ebeab09631c5" alt="Fundación Endurance">FUNDACIÓN ENDURANCE</p>



<ul class="wp-block-list">
<li><a href="#origen">El Origen</a></li>



<li><a href="#difusiones">Difusiones Artísticas</a></li>



<li><a href="#contacto">Contacto</a></li>
</ul>



<figure class="wp-block-image size-full"><img fetchpriority="high" decoding="async" width="671" height="671" src="https://fundacionendurance.com/wp-content/uploads/2026/09/image-1.jpeg" alt="" class="wp-image-33" srcset="https://fundacionendurance.com/wp-content/uploads/2026/09/image-1.jpeg 671w, https://fundacionendurance.com/wp-content/uploads/2026/09/image-1-150x150.jpeg 150w, https://fundacionendurance.com/wp-content/uploads/2026/09/image-1-300x300.jpeg 300w" sizes="(max-width: 671px) 100vw, 671px" /></figure>



<h1 class="wp-block-heading">El Origen de Endurance</h1>



<p class="wp-block-paragraph">Los niños son curiosos.</p>



<p class="wp-block-paragraph">Quieren saber. Preguntan.</p>



<p class="wp-block-paragraph">¿Por qué?</p>



<p class="wp-block-paragraph">Más tarde, ya adultos, algunos,</p>



<p class="wp-block-paragraph">todavía siguen preguntando.</p>



<p class="wp-block-paragraph">¿Por qué?</p>



<h2 class="wp-block-heading">Difusiones artísticas</h2>



<p class="wp-block-paragraph">Un recorrido por las exposiciones y proyectos que impulsa la fundación.</p>



<p class="wp-block-paragraph"><a href="#masereel">Frans Masereel</a><a href="#arantzazu">Santuario Arantzazu</a><a href="#seberg-gary">Jean Seberg – Romain Gary</a><a href="#lo-recuerdo">Lo recuerdo – Hotel Wellington</a><a href="#dagerman">Stig Dagerman</a><a href="#taro">Gerda Taro</a></p>



<figure class="wp-block-image size-full"><img decoding="async" width="600" height="600" src="https://fundacionendurance.com/wp-content/uploads/2026/09/image.jpeg" alt="" class="wp-image-32" srcset="https://fundacionendurance.com/wp-content/uploads/2026/09/image.jpeg 600w, https://fundacionendurance.com/wp-content/uploads/2026/09/image-150x150.jpeg 150w, https://fundacionendurance.com/wp-content/uploads/2026/09/image-300x300.jpeg 300w" sizes="(max-width: 600px) 100vw, 600px" /></figure>



<p class="wp-block-paragraph">Difusión artística</p>



<h3 class="wp-block-heading">Frans Masereel</h3>



<h4 class="wp-block-heading">Grabado y narrativa visual</h4>



<figure class="wp-block-image size-large"><img decoding="async" width="949" height="1024" src="https://fundacionendurance.com/wp-content/uploads/2026/09/image-4-949x1024.jpeg" alt="" class="wp-image-36" srcset="https://fundacionendurance.com/wp-content/uploads/2026/09/image-4-949x1024.jpeg 949w, https://fundacionendurance.com/wp-content/uploads/2026/09/image-4-278x300.jpeg 278w, https://fundacionendurance.com/wp-content/uploads/2026/09/image-4-767x828.jpeg 767w, https://fundacionendurance.com/wp-content/uploads/2026/09/image-4.jpeg 1400w" sizes="(max-width: 949px) 100vw, 949px" /></figure>



<p class="wp-block-paragraph">Difusión artística</p>



<h3 class="wp-block-heading">Santuario Arantzazu</h3>



<h4 class="wp-block-heading">Arte sacro y arquitectura</h4>



<figure class="wp-block-image size-full"><img loading="lazy" decoding="async" width="668" height="1002" src="https://fundacionendurance.com/wp-content/uploads/2026/09/image-2.jpeg" alt="" class="wp-image-34" srcset="https://fundacionendurance.com/wp-content/uploads/2026/09/image-2.jpeg 668w, https://fundacionendurance.com/wp-content/uploads/2026/09/image-2-200x300.jpeg 200w" sizes="(max-width: 668px) 100vw, 668px" /></figure>



<p class="wp-block-paragraph">Difusión artística</p>



<h3 class="wp-block-heading">Jean Seberg — Romain Gary</h3>



<h4 class="wp-block-heading">Cine y literatura</h4>



<figure class="wp-block-image size-large"><img loading="lazy" decoding="async" width="1024" height="704" src="https://fundacionendurance.com/wp-content/uploads/2026/09/image-3-1024x704.jpeg" alt="" class="wp-image-35" srcset="https://fundacionendurance.com/wp-content/uploads/2026/09/image-3-1024x704.jpeg 1024w, https://fundacionendurance.com/wp-content/uploads/2026/09/image-3-300x206.jpeg 300w, https://fundacionendurance.com/wp-content/uploads/2026/09/image-3-767x528.jpeg 767w, https://fundacionendurance.com/wp-content/uploads/2026/09/image-3.jpeg 1205w" sizes="(max-width: 1024px) 100vw, 1024px" /></figure>



<p class="wp-block-paragraph">Difusión artística</p>



<h3 class="wp-block-heading">Lo recuerdo</h3>



<h4 class="wp-block-heading">Hotel Wellington</h4>



<figure class="wp-block-image size-full"><img loading="lazy" decoding="async" width="474" height="359" src="https://fundacionendurance.com/wp-content/uploads/2026/09/image-5.jpeg" alt="" class="wp-image-37" srcset="https://fundacionendurance.com/wp-content/uploads/2026/09/image-5.jpeg 474w, https://fundacionendurance.com/wp-content/uploads/2026/09/image-5-300x227.jpeg 300w" sizes="(max-width: 474px) 100vw, 474px" /></figure>



<figure class="wp-block-image size-full"><img loading="lazy" decoding="async" width="480" height="360" src="https://fundacionendurance.com/wp-content/uploads/2026/09/image-6.jpeg" alt="" class="wp-image-38" srcset="https://fundacionendurance.com/wp-content/uploads/2026/09/image-6.jpeg 480w, https://fundacionendurance.com/wp-content/uploads/2026/09/image-6-300x225.jpeg 300w" sizes="(max-width: 480px) 100vw, 480px" /></figure>



<p class="wp-block-paragraph">Difusión artística</p>



<h3 class="wp-block-heading">Matar a un niño</h3>



<h4 class="wp-block-heading">Stig Dagerman</h4>



<figure class="wp-block-image size-large"><img loading="lazy" decoding="async" width="1024" height="690" src="https://fundacionendurance.com/wp-content/uploads/2026/09/image-8-1024x690.jpeg" alt="" class="wp-image-40" srcset="https://fundacionendurance.com/wp-content/uploads/2026/09/image-8-1024x690.jpeg 1024w, https://fundacionendurance.com/wp-content/uploads/2026/09/image-8-300x202.jpeg 300w, https://fundacionendurance.com/wp-content/uploads/2026/09/image-8-767x517.jpeg 767w, https://fundacionendurance.com/wp-content/uploads/2026/09/image-8.jpeg 1400w" sizes="(max-width: 1024px) 100vw, 1024px" /></figure>



<p class="wp-block-paragraph">Difusión artística</p>



<h3 class="wp-block-heading">Gerda Taro</h3>



<h4 class="wp-block-heading">Fotoperiodista de guerra — Pintura</h4>



<figure class="wp-block-image size-full"><img loading="lazy" decoding="async" width="605" height="454" src="https://fundacionendurance.com/wp-content/uploads/2026/09/image-7.jpeg" alt="" class="wp-image-39" srcset="https://fundacionendurance.com/wp-content/uploads/2026/09/image-7.jpeg 605w, https://fundacionendurance.com/wp-content/uploads/2026/09/image-7-300x225.jpeg 300w" sizes="(max-width: 605px) 100vw, 605px" /></figure>



<p class="wp-block-paragraph">Difusión artística</p>



<h3 class="wp-block-heading">Gerda Taro</h3>



<h4 class="wp-block-heading">Fotoperiodista de guerra — Film</h4>



<p class="wp-block-paragraph"><img decoding="async" src="blob:https://fundacionendurance.com/8530e4b1-1f42-4a4f-92f0-6ea62e6a29c2" alt="Fundación Endurance">FUNDACIÓN ENDURANCE</p>



<p class="wp-block-paragraph">Difusión artística y cultural.</p>



<h3 class="wp-block-heading">Barcelona</h3>



<p class="wp-block-paragraph">C/ Mallorca 299 &#8211; Principal 1<br>08037 Barcelona</p>



<p class="wp-block-paragraph">T/ 93 459 00 452</p>



<h3 class="wp-block-heading">Madrid</h3>



<p class="wp-block-paragraph">C/ Velázquez 10 – 1º<br>28001 Madrid</p>



<p class="wp-block-paragraph">T/ 91 781 70 67</p>



<h3 class="wp-block-heading">Newsletter</h3>



<p class="wp-block-paragraph"><a href="mailto:info@fundacionendurance.com">info@fundacionendurance.com</a></p>



<p class="wp-block-paragraph"><a href="http://www.fundacionendurance.com">www.fundacionendurance.com</a> Suscribir</p>



<p class="wp-block-paragraph">© 2026 Fundación Endurance. Todos los derechos reservados.</p>



<p class="wp-block-paragraph"></p>
								</div>
				</div>
				</div>

<p>Fundación Endurance FUNDACIÓN ENDURANCE El Origen de Endurance Los niños son curiosos. Quieren saber. Preguntan. ¿Por qué? Más tarde, ya adultos, algunos, todavía siguen preguntando. ¿Por qué? Difusiones artísticas Un recorrido por las exposiciones y proyectos que impulsa la fundación. Frans MasereelSantuario ArantzazuJean Seberg – Romain GaryLo recuerdo – Hotel WellingtonStig DagermanGerda Taro Difusión artística [&hellip;]</p>
